 and w.
32
Suppose 11*m = 356 - 114. Let q = -4 - -6. Suppose 3*r + 3*s - q*s - 7 = 0, r + 5*s = 7. What is the highest common factor of m and r?
2
Suppose n + 76 = 4*c - c, n + 2*c + 81 = 0. Let z = 95 + n. Suppose 2*b + 5*p = 4*b - 44, -2*p + 40 = b. Calculate the highest common divisor of z and b.
16
Let f = -1414 + 2114. What is the greatest common divisor of 30 and f?
10
Suppose 0 = -3*m + 181 - 79. Calculate the highest common divisor of m and 85.
17
Suppose 30 = q - 178. Suppose 3*b - q = 2*b + 3*f, 16 = 4*f. Let a(r) = 21*r**3 - 2*r**2 + r. Let x be a(1). What is the greatest common factor of b and x?
20
Suppose -654 = -63*v + 60*v + 3*u, -v = -5*u - 230. Calculate the greatest common divisor of 387 and v.
43
Suppose -2*p = 5 - 17. Suppose 0 = -17*o - 304 + 821 + 605. What is the highest common factor of p and o?
6
Let z(w) = w**3 - 5*w**2 + w + 7. Let y be z(5). Suppose -408 = -5*m + 4*h, -3*h = 2*m - m - 93. What is the highest common factor of m and y?
12
Suppose -2*g + 488 = 4*a, 3*g + 3*a - 378 = 342. Calculate the highest common factor of 12 and g.
4
Let y = 5526 - -584. Calculate the greatest common factor of y and 47.
47
Suppose 3*p + 4*f = 207, 15*p + 4*f - 276 = 11*p. What is the highest common divisor of 46 and p?
23
Let x(s) = s**3 + 21*s**2 + 56*s + 96. Let j be x(-18). What is the highest common divisor of j and 45?
15
Let t(u) = -u**3 - 38*u**2 - 4*u - 134. Let y be t(-38). What is the greatest common divisor of 153 and y?
9
Let p(l) = -4*l**3 + 3*l**2 + l - 4. Let v be p(-2). Calculate the highest common divisor of v and 190.
38
Suppose 3*k = 8*k - 4950. Let p be (-5)/2*k/(-25). What is the greatest common factor of p and 9?
9
Suppose -16 = 5*l + 49. Suppose s - 5*g - 18 = 4*s, -5*s + 3*g - 30 = 0. Let f = s - l. Calculate the highest common divisor of f and 7.
7
Suppose 5*l + 5 = 5*k, -4*k - 4*l + 23 = k. Suppose -2*n - 17 = -4*t + n, 39 = k*t + 3*n. What is the greatest common divisor of 32 and t?
8
Let g(j) = j**3 - 2*j**2 - 3*j + 1. Let r be g(3). Suppose 2*l + 42 - 48 = 0. Let z be 42/18 - r/l. What is the greatest common factor of 18 and z?
2
Let f = 1313 + -1278. Calculate the highest common factor of f and 217.
7
Let m be -1 + 0 + (-143)/(-11). Let c = -8 + 4. Let n be c/12 + 74/6. What is the highest common factor of m and n?
12
Let x be 1218/7 + (-1 - 3)/(-4). Calculate the greatest common factor of 25 and x.
25
Let c = 38 + -22. Suppose 0 = -4*k + o + 62, 12*k + o - 66 = 8*k. Calculate the highest common factor of k and c.
16
Suppose 980*p - 240 = 977*p. What is the greatest common factor of p and 16?
16
Suppose -2*k + 7 = -5. Suppose -n = -l + 11, -2*l - 12*n + 16*n + 32 = 0. Calculate the greatest common divisor of k and l.
6
Suppose 3*c - 6 = 0, z + 3 = 5*c - 0. Suppose 4*g + 5*m - 33 = 0, -4*g + z*g - 26 = -5*m. What is the greatest common factor of g and 7?
7
Let f(p) = 11*p + 0*p + 9*p - 7. Let m be f(2). What is the greatest common factor of 66 and m?
33
Let y = 108 + -60. Let j be (1*2)/(650/(-60) + 11). What is the greatest common factor of j and y?
12
Let q(s) = 6*s**2 - s - 3. Let n be q(3). Let y be (0/1)/(-1) - (69 - 75). Calculate the highest common factor of y and n.
6
Let w = 124 + -254. Let h = -58 - w. What is the highest common factor of h and 48?
24
Let d(m) = m + 1. Let p be d(5). Let z be p/(-12) + 59/2. Calculate the greatest common divisor of 116 and z.
29
Let a be ((-140)/(-21))/(6/9). What is the highest common divisor of 6 and a?
2
Let v be (-2 - -1)*(-8 + 6). Suppose -i + f = -0 - 6, 0 = -5*i - v*f - 5. Calculate the highest common factor of 5 and i.
1
Suppose -424*h = -432*h + 176. Let y = -71 - -149. Suppose 0 = 2*f - y - 32. Calculate the greatest common factor of h and f.
11
Suppose 20*z = 17*z + 3*y + 177, 4*z = -y + 226. Calculate the highest common divisor of z and 1.
1
Suppose -i - 44 = m - 6*i, -4*i - 8 = m. Let q = m - -29. Suppose -4*g = -421 + q. What is the highest common factor of 26 and g?
26
Suppose -13 = -2*y - 9. Suppose 4*s + y = 10. What is the greatest common factor of 4 and s?
2
Let t = 2471 - 877. Let k be t/(-30) + 2/15. Let m = k + 81. Calculate the greatest common divisor of m and 70.
14
Suppose -4*b = -9*b + 95. Suppose -2*h = -3*i - 55, -b = 4*i + 1. What is the highest common divisor of 8 and h?
4
Suppose -15*w + 17*w = -3*r + 101, w = 5*r + 44. Let v(i) = i + 3. Let j be v(4). What is the greatest common divisor of j and w?
7
Suppose 19*k + 5*i = 16*k + 4, -4*i = -2*k + 10. Calculate the highest common factor of 43 and k.
1
Let y = -23 + 26. Suppose -6 = -y*b - 0, -3*b - 19 = -5*z. Calculate the greatest common divisor of 5 and z.
5
Let l(o) = 13*o - 14. Suppose 2*y + y - 5 = -v, -4*y + 3*v = -24. Let i be l(y). Calculate the greatest common factor of 175 and i.
25
Suppose -8*q - 2106 = -34*q. Calculate the highest common divisor of q and 108.
27
Let d(k) = k - 3*k - 7*k - 4 - 3*k. Let h be d(-6). Suppose 0 = 7*o - 2*o + 2*x - h, -3*x = -o. What is the highest common factor of 120 and o?
12
Let b be (-3)/(-33) + 5337/99. Calculate the highest common divisor of b and 621.
27
Suppose -22*k + 15*k = 0. Let g be 185/(-15)*(k - 9). What is the highest common divisor of g and 37?
37
Let y(n) = -6 + 0*n - 3*n + 4*n. Let r(v) = 1. Let g(u) = 4*r(u) + y(u). Let q be g(4). What is the highest common divisor of 6 and q?
2
Let t(c) = -3*c. Let p be t(-1). Let d be ((-3)/2)/(2/(8/(-3))). Suppose 0 = -2*i + d*j + 12, -p*i + 1 + 1 = j. What is the greatest common divisor of i and 10?
2
Let x(f) = 24*f**3 - 2*f**2 + 4*f - 4. Let d be x(3). Calculate the greatest common divisor of 22 and d.
22
Let z(u) = -30*u - 36. Let w be z(-2). Calculate the highest common divisor of 30 and w.
6
Let h(r) = 3 - 2*r + 2*r**2 - 3*r**2 - 2*r + 106*r**3. Let k be h(1). What is the highest common factor of 26 and k?
26
Let r be 9/((-36)/(-16)) + 28. Suppose -r = -5*z + 13. What is the greatest common divisor of z and 6?
3
Let i be 6/(3*8/12). Calculate the highest common factor of 177 and i.
3
Let s be ((-7)/(-14))/((-11)/(-154)). Let y(o) = -o**2 - 2*o + 1. Let b be y(-2). Calculate the highest common factor of b and s.
1
Let i = -42 + 45. Suppose 255 = 3*j - 7*o + 2*o, -171 = -2*j + i*o. What is the highest common factor of j and 10?
10
Let d = 12 - 9. Suppose n - 5*b = 4*n + 31, d*n - 3*b + 63 = 0. Let x = n + 35. What is the highest common divisor of x and 144?
18
Suppose -22*y + 19*y + 36 = 0. Calculate the highest common factor of y and 204.
12
Suppose -u - 7 = -29. Let y(i) = 9*i**2. Let t be y(-1). Let m be 44/6*243/t. What is the highest common factor of u and m?
22
Suppose -44 = -v + 4*x + 9, -v + 47 = -x. What is the highest common divisor of 252 and v?
9
Let t(q) = 302*q + 17. Let m be t(1). Let r = m - 226. Calculate the highest common divisor of r and 62.
31
Let f(v) = v**2 + 20*v - 134. Let n be f(-27). Calculate the greatest common factor of n and 1760.
55
Suppose -2*i + 472 = 6*i. Let w = -54 + i. What is the greatest common divisor of 2 and w?
1
Suppose 0 = f - 6 - 1. Let r(d) = 38*d - 5. Let l be r(f). Suppose k + 2*k - 87 = 0. What is the highest common factor of k and l?
29
Suppose -3*b - 3*u + 692 = -2*u, 3*b + 2*u - 691 = 0. Let c be (-3)/(4/56*-2). Calculate the greatest common factor of b and c.
21
Let q be 1/((-4325)/(-720) + -6). Calculate the greatest common factor of 16 and q.
16
Let v be (4 + 0)*96/6. Let u(f) = 17*f - 400. Let x be u(24). What is the greatest common divisor of v and x?
8
Suppose -m + 0 + 1 = 0. Let o be (m/2)/((-4)/(-24)). What is the highest common divisor of o and 12?
3
Let t(j) = j - 2. Suppose -6*n + 3*n + 6 = 3*k, 5*k + 4 = -3*n. Let x be t(n). Suppose 59 = -18*c + 95. What is the highest common divisor of c and x?
1
Let m(i) = i**3 + 3*i**2 - 2*i - 6. Let q be m(6). Suppose 3*c - 108 = -3*g, -174 = -5*g - 3*c + 2. Calculate the highest common factor of q and g.
34
Let y(d) = d**3 - 14*d + 26. Let v be y(5). What is the highest common factor of 36 and v?
9
Let n be 3/6*17*6. Let u = n + -34. What is the highest common divisor of 136 and u?
17
Suppose -145 = y - 2*y. Let x = 304 - 159. Suppose 5*g + x = 10*g. What is the greatest common divisor of y and g?
29
Let v(f) = -5*f + 18. Let a be v(-14). Let h = 9 + 13. What is the greate